base 8?
-5232
What is -1322113 (base 4) in base 13?
-3745
11121323 (base 4) to base 9
33328
What is -201000 (base 3) in base 7?
-1332
Convert -123543 (base 7) to base 9.
-34380
Convert -1010001101101 (base 2) to base 6.
-40113
Convert 300 (base 7) to base 3.
12110
What is -767 (base 9) in base 3?
-212021
425304 (base 6) to base 12
18234
What is -b01b (base 16) in base 7?
-245303
Convert 8804 (base 15) to base 4.
13002010
What is 14122 (base 10) in base 6?
145214
Convert -337 (base 12) to base 10.
-475
-15434 (base 6) to base 12
-157a
77a (base 11) to base 2
1110100110
What is -1235 (base 15) in base 3?
-12022112
71007 (base 9) to base 12
23007
Convert 305 (base 11) to base 5.
2433
5865 (base 12) to base 8
23215
Convert 101211212 (base 3) to base 15.
2522
Convert 263 (base 16) to base 15.
2ab
What is 114033 (base 7) in base 2?
101000001111100
Convert 331 (base 11) to base 14.
205
Convert -15a (base 14) to base 3.
-101020
Convert 12010 (base 4) to base 9.
471
What is 415155 (base 6) in base 9?
51018
What is -10200330 (base 4) in base 2?
-100100000111100
What is -17e5 (base 16) in base 12?
-3659
Convert 20b1 (base 12) to base 14.
1445
Convert 1b4b8 (base 13) to base 16.
d133
34c0 (base 13) to base 14
29c3
-32a6a (base 11) to base 8
-135377
-235130 (base 6) to base 4
-11001132
Convert 26051 (base 9) to base 15.
52e7
What is -11100101101 (base 2) in base 14?
-953
Convert 617 (base 11) to base 12.
520
What is -111010000100 (base 2) in base 3?
-12002122
Convert -74101 (base 10) to base 14.
-1d00d
Convert 10012212002 (base 3) to base 8.
173525
What is 2dd0 (base 14) in base 12?
490a
Convert -4828 (base 12) to base 10.
-8096
Convert 37d1 (base 14) to base 10.
9787
610 (base 7) to base 4
10231
Convert 5603 (base 8) to base 13.
1459
Convert 1275 (base 9) to base 7.
2540
Convert 3404 (base 9) to base 11.
1987
254 (base 10) to base 12
192
-121c (base 14) to base 7
-12135
Convert 34a (base 16) to base 7.
2312
-5a1 (base 12) to base 14
-441
-43c3 (base 13) to base 4
-2103232
What is 111111101010100 (base 2) in base 9?
48637
What is 330a (base 12) in base 3?
21201101
What is 7854 (base 9) in base 5?
141200
Convert -12333 (base 8) to base 15.
-18ae
What is -597 (base 10) in base 11?
-4a3
Convert -1053 (base 7) to base 6.
-1433
What is 14331 (base 5) in base 2?
10011000000
What is -36868 (base 9) in base 15?
-7512
Convert -597 (base 16) to base 9.
-1860
What is -11ab (base 13) in base 9?
-3385
What is 24 (base 10) in base 7?
33
1728 (base 11) to base 2
100010100000
-5b4 (base 14) to base 15
-50d
-5397 (base 11) to base 13
-3320
What is -648 (base 11) in base 5?
-11103
-111000101100 (base 2) to base 6
-24444
-223 (base 6) to base 11
-7a
-1010100000111 (base 2) to base 3
-21101101
What is 172 (base 8) in base 6?
322
Convert -8599 (base 10) to base 4.
-2012113
-242101 (base 6) to base 5
-1134310
What is 244304 (base 6) in base 10?
21712
What is -50a2 (base 14) in base 16?
-3626
Convert -111202021 (base 3) to base 6.
-114224
What is -230d (base 14) in base 3?
-22100112
-12013 (base 7) to base 11
-2366
Convert 20711 (base 8) to base 15.
2869
Convert 6d54 (base 16) to base 4.
12311110
-100523 (base 6) to base 2
-1111100100011
-323302 (base 5) to base 2
-10101101000101
-10222112 (base 3) to base 15
-cd8
What is -2ed (base 16) in base 3?
-1000202
Convert -10110111100 (base 2) to base 7.
-4165
-7f04 (base 16) to base 6
-410312
What is 1b3 (base 12) in base 5?
2104
-22201 (base 4) to base 11
-562
-4203 (base 7) to base 11
-111a
Convert -485b (base 16) to base 11.
-12a0a
-14474 (base 9) to base 7
-40525
2187 (base 15) to base 9
10661
294 (base 12) to base 4
12100
Convert 11233210 (base 4) to base 5.
1223044
402 (base 16) to base 12
716
-3130 (base 4) to base 10
-220
80b (base 16) to base 11
1602
-190bb (base 13) to base 2
-1011110101101000
What is 96f1 (base 16) in base 15?
b6b1
-2245 (base 6) to base 12
-385
Convert 10228 (base 10) to base 4.
2133310
What is 152a4 (base 11) in base 2?
101010010010100
-4111 (base 7) to base 9
-1857
What is -168d (base 14) in base 11?
-3048
What is -2121220 (base 4) in base 5?
-303312
What is 1151 (base 7) in base 6?
1552
What is -13453 (base 9) in base 2?
-10001110100000
-102042 (base 5) to base 14
-1349
-474 (base 8) to base 4
-10330
-2809 (base 16) to base 4
-2200021
What is 321 (base 16) in base 8?
1441
-3333021 (base 4) to base 14
-5d45
What is -1287 (base 9) in base 13?
-598
Convert 220022 (base 3) to base 4.
22100
What is 5358 (base 10) in base 12?
3126
1573 (base 8) to base 13
537
Convert -2413 (base 7) to base 14.
-47a
Convert 52320 (base 6) to base 4.
1231320
What is -3c41 (base 13) in base 15?
-2882
-12512 (base 6) to base 13
-b45
Convert 19922 (base 10) to base 8.
46722
What is -1101110 (base 4) in base 8?
-12124
333223 (base 4) to base 12
2437
-23025 (base 6) to base 11
-24a1
What is 274 (base 12) in base 6?
1424
What is -1e4 (base 16) in base 3?
-122221
What is -1345 (base 7) in base 14?
-295
What is -3721 (base 8) in base 14?
-a2d
Convert -1c00 (base 13) to base 16.
-1081
19b (base 15) to base 2
101110011
What is -8514 (base 10) in base 5?
-233024
What is -2b (base 13) in base 8?
-45
Convert 2860 (base 9) to base 14.
b04
What is 256646 (base 7) in base 10?
48005
c7 (base 13) to base 9
201
What is cc9 (base 15) in base 6?
21213
Convert -100211331 (base 4) to base 5.
-4133330
What is -2658 (base 11) in base 6?
-23551
16405 (base 10) to base 8
40025
589 (base 14) to base 13
669
Convert 130211 (base 4) to base 16.
725
Convert -5371 (base 8) to base 14.
-1049
Convert -241 (base 15) to base 6.
-2211
Convert -10101101010101 (base 2) to base 10.
-11093
11110100 (base 3) to base 12
1a69
217 (base 9) to base 11
152
What is 111444 (base 5) in base 10?
3999
-22100 (base 3) to base 11
-195
-1010202020 (base 3) to base 2
-101011110010000
30435 (base 7) to base 11
5640
What is -403 (base 9) in base 4?
-11013
Convert -30 (base 7) to base 15.
-16
Convert -102333 (base 4) to base 5.
-14330
What is 334 (base 12) in base 9?
574
Convert 4200 (base 5) to base 13.
334
What is 3321 (base 6) in base 9?
1044
28856 (base 10) to base 6
341332
Convert 110 (base 8) to base 4.
1020
Convert 503 (base 14) to base 7.
2603
What is -110111001111001 (base 2) in base 12?
-14449
601a (base 11) to base 2
1111101000111
Convert -12100 (base 3) to base 5.
-1034
What is 33010 (base 6) in base 12?
2766
What is -366d (base 14) in base 16?
-2521
Convert 28 (base 11) to base 3.
1010
What is 67a6 (base 11) in base 15?
29b9
Convert 114775 (base 9) to base 2.
10000111000101001
228 (base 11) to base 16
110
40c (base 14) to base 11
664
14799 (base 12) to base 6
341113
-4a8 (base 11) to base 6
-2442
-49c (base 16) to base 7
-3304
What is -521 (base 8) in base 4?
-11101
13213 (base 4) to base 2
111100111
-2443 (base 11) to base 13
-15b8
What is 642 (base 9) in base 5?
4044
-6a04 (base 11) to base 15
-2ad5
What is -32303 (base 4) in base 3?
-1022002
What is -143202 (base 6) in base 8?
-32562
What is 30b3 (base 14) in base 9?
12451
3000 (base 8) to base 14
7ba
-220101 (base 3) to base 12
-46a
What is -205553 (base 6) in base 4?
-10013031
What is -3516 (base 7) in base 15?
-5ac
5b58 (base 13) to base 12
7585
-41b0 (base 12) to base 14
-2896
7e (base 15) to base 14
87
What is -10110 (base 3) in base 14?
-69
Convert -2225 (base 9) to base 6.
-11335
-1262c (base 15) to base 10
-58767
What is -245005 (base 7) in base 3?
-2021122101
Convert -202315 (base 7) to base 13.
-128b9
Convert 21a4 (base 15) to base 13.
3325
Convert -19 (base 16) to base 13.
-1c
Convert -1010010000111011 (base 2) to base 8.
-122073
10618 (base 10) to base 14
3c26
-7e30 (base 15) to base 8
-64304
2d3 (base 14) to base 9
711
Convert 3341114 (base 5) to base 10.
58909
1632 (base 7) to base 14
352
321012 (base 4) to base 5
104104
Convert -55788 (base 9) to base 8.
-110351
-2015 (base 6) to base 16
-1bb
What is -23251 (base 6) in base 9?
-4524
What is -2036 (base 7) in base 11?
-599
What is 7b15 (base 12) in base 4?
3112001
What is 63636 (base 7) in base 10?
15756
What is 101200 (base 3) in base 9?
350
What is -1710 (base 10) in base 3?
-2100100
What is 130232 (base 4) in base 6?
12302
What is 12405 (base 6) in base 9?
2515
What is 11e (base 16) in base 14?
166
-1001010111 (base 2) to base 5
-4344
Convert 2919 (b